the highest common divisor of 30 and u.
15
Let o = -32 - -48. Let h = -34 - -40. Let m be 44 - h/(-9)*-6. What is the greatest common divisor of o and m?
8
Let o be 7/(-5) + 2271/15. What is the highest common factor of o and 30?
30
Suppose -23*x = -22 - 1841. Calculate the highest common divisor of 135 and x.
27
Suppose -5968 = 33*k - 42466. What is the highest common factor of k and 14?
14
Suppose 5*c + 4*x - 495 = 1826, -4*c + 1864 = -4*x. Let j = -275 + c. Let u = 23 - 4. What is the greatest common divisor of j and u?
19
Let v be 8/6*9/3. Suppose -4*c + v = 0, -3*c + 11 = -i + 2*i. Suppose 0 = -k, 0*k - k + 120 = 5*f. What is the greatest common factor of f and i?
8
Let a be (-183 + 190)*(210 - -1). What is the greatest common factor of 7 and a?
7
Suppose -2*y = 2*y + 8. Let j be -1 - (3 + -5) - y. Let i be 2/2 + (j - -6). Calculate the greatest common divisor of 2 and i.
2
Let g(f) = -34*f**3 + 12*f**2 + 4*f - 7. Let u be g(-3). Calculate the greatest common factor of u and 53.
53
Let r = 126 - 256. Let i = r - -131. Calculate the greatest common divisor of 17 and i.
1
Let o be (0 + -1)/((-24)/312). Suppose o*f - 11*f - 20 = 0. Calculate the highest common divisor of f and 110.
10
Suppose 5*f - k = 84, 5*k = -7*f + 6*f + 22. Calculate the highest common divisor of 238 and f.
17
Suppose 2*v - 4*v + 138 = 0. Suppose -37 = -3*g + 5*d, -g + d = 4*g - v. Suppose 1 - 3 = -x. Calculate the highest common divisor of g and x.
2
Let s be 2/(-6) - ((-40)/30 - 9). Calculate the greatest common factor of s and 20.
10
Let k = -60 + 99. Calculate the highest common factor of k and 12.
3
Let a(v) = v**2 + v + 2. Let c be (-2)/(-4) + (-7)/14. Let g be a(c). Suppose 5*d + 10 = 0, -b + 80 = b + g*d. What is the highest common divisor of 6 and b?
6
Let x(p) = 44*p**2 - 20*p**2 - 9*p + 6 - 15*p**2 - p**3. Let n be x(6). Calculate the greatest common divisor of 20 and n.
20
Let s(o) = 4*o**2 - 4*o - 6. Let j be s(7). Let p be 120/8 - (-4 - -1). What is the greatest common factor of j and p?
18
Let i(o) = o**2 + 9*o + 16. Let n be i(-5). Let g be n/(-2) + (-1 - 0). What is the greatest common factor of g and 1?
1
Let j(l) = -13*l**3 + 2*l**2 + 4*l + 3. Let i be j(-2). Let f = -91 + i. What is the greatest common factor of 40 and f?
8
Let b(t) = t**3 + t**2 + 3. Let z be b(0). Let a = 6 + z. Let i be (-20)/4*a/(-5). Calculate the greatest common factor of i and 99.
9
Suppose -c = -0 - 2. Let y be 366/54 - c/(-9). Calculate the highest common divisor of y and 14.
7
Let y = 174 - 87. Suppose -70 - 28 = -2*u. Let v = y - u. What is the greatest common divisor of v and 19?
19
Suppose -2*z - k - 5 = -4*k, 0 = 4*z - 4*k. Suppose 3*c = z*c - 470. Let t = -160 + c. What is the highest common factor of t and 30?
15
Suppose 16*q = 748 + 852. Calculate the greatest common divisor of 1550 and q.
50
Let y(t) be the second derivative of t**4/2 + t**3/6 + 2*t**2 + 30*t. Let k be y(4). What is the greatest common factor of 156 and k?
52
Suppose -6*y + 2342 - 854 = 0. What is the highest common divisor of 31 and y?
31
Let k be (2/2)/(4/20). Suppose -k*j + z = 11, 3*j = 4*j - z - 1. Let d be -2 + j*(-28)/3. Calculate the highest common divisor of 52 and d.
26
Let z(a) = -a**3 - 10*a**2 - 30*a - 3. Let l be z(-6). What is the greatest common divisor of l and 913?
11
Let h(g) = 8*g**2 - 3*g + 1. Let r be h(1). Let o be r/(-5)*(-30)/9. Suppose o*f = -c + 14, -2*c + 2*f - 1 = 1. Calculate the highest common factor of c and 18.
2
Let a be -3 + (-2 + 4 - -2). Let u be (a + -2 + -1 + 3)*11. Suppose 2*y = 2*w + 130, -335 = -y - 4*y - 5*w. Calculate the highest common factor of u and y.
11
Suppose -10 = -7*i + 2*i. Let j be (-3 + -9)*i/(-6). Let b be (84/(-15))/(j/(-20)). Calculate the highest common factor of 7 and b.
7
Suppose -5*h + 3*h = -8. Suppose h*u + u = 5*j + 1260, -j = 2*u - 504. Let q be (u/35)/((-2)/(-10)). What is the greatest common divisor of q and 12?
12
Suppose 201 - 66 = 3*g. Suppose 0 = 4*f - 4*b - g + 5, f = 3*b. Let r = -180 + 195. Calculate the greatest common divisor of f and r.
15
Suppose -45*b = -68*b + 5382. What is the highest common divisor of 54 and b?
18
Let y be (0 - (-9)/12)*4. Let p be -52 - y/((-12)/4). Let z = -35 - p. What is the greatest common divisor of 16 and z?
16
Suppose 11 - 3 = 4*o. Let b be 13/o - 2/4. Suppose 1 = -5*y + b. What is the highest common factor of 8 and y?
1
Suppose 0 = c - 0*c, 5*c + 510 = 5*w. What is the greatest common factor of 85 and w?
17
Let f(k) = k - 8. Let s be f(12). Suppose -2*y + 324 = s*y. Suppose 2*l = 5*b - 43, 3*l - 4*l - 44 = -5*b. Calculate the highest common factor of b and y.
9
Let h be (-3237)/(-21) - (-8)/(-56). What is the greatest common factor of 176 and h?
22
Let h(q) be the first derivative of -6*q**2 - 12*q + 10. Let g be h(-2). Calculate the greatest common divisor of 1 and g.
1
Let w(g) = 2*g**3 + 20*g**2 - 24*g + 1. Let k be w(-11). What is the highest common factor of k and 184?
23
Let l = -125 + 173. Let c(w) = 3*w**2 - 2*w - 2. Let j(s) = s + 4. Let v be j(-2). Let k be c(v). What is the highest common factor of l and k?
6
Let p be (4*(-8)/64)/(1/(-462)). What is the highest common factor of 99 and p?
33
Suppose -7*q + 202 + 148 = 0. Calculate the highest common factor of 275 and q.
25
Let l(u) = -2*u**2 - 5*u + 3. Let b be l(-6). Let s = 50 + b. Calculate the greatest common factor of s and 121.
11
Let o be 0 + -2 + 4 - -2. Let w = 309 - 279. Suppose 9*y = o*y + w. What is the highest common divisor of y and 6?
6
Let q be 3620/45 + (-4)/9. Calculate the greatest common divisor of q and 32.
16
Let d be (0 + -26)*7/14. Let q = d - -21. What is the greatest common factor of 8 and q?
8
Let n(u) be the second derivative of u**5/20 + u**4/2 + 4*u**3/3 + 9*u**2 + 4*u - 5. Let k be n(-4). What is the greatest common divisor of 27 and k?
9
Let j = -63 + 243. Calculate the highest common factor of 120 and j.
60
Let q = 33 + -32. Let s be 128/6 + 5 - q/3. What is the highest common factor of 65 and s?
13
Let y(c) = c**3 + 8*c**2 - 4*c - 8. Let j be y(-4). Calculate the highest common divisor of 27 and j.
9
Let l be (-108)/(1/((-55)/10 + 5)). Calculate the greatest common factor of 72 and l.
18
Let l(w) = w**2 - 6*w + 13. Let n = 61 - 37. Let q = 28 - n. Let u be l(q). What is the highest common factor of 40 and u?
5
Let t = 131 - -116. Calculate the highest common divisor of 76 and t.
19
Suppose 0 = w - 0*w - 38. Let y = w - 26. Calculate the highest common divisor of y and 8.
4
Let j be 8/((-16)/42)*-4. Calculate the greatest common divisor of j and 24.
12
Suppose -24*s = 2539 - 8203. Calculate the greatest common factor of s and 4.
4
Suppose 0 = -3*f - 2*k + 6*k + 72, -4*k + 24 = f. Let n = 72 - 31. Let c = n - 25. Calculate the greatest common factor of f and c.
8
Suppose 4*n - 3*i = 59, 2*n = n - 2*i + 23. Let g be -3 + 9/(-18)*18/(-1). Let w be (g/(-4))/(3 + 210/(-68)). What is the highest common divisor of n and w?
17
Let p be 5/2*(-7)/(105/(-102)). Suppose -4*g = -p - 91. What is the highest common factor of g and 27?
27
Suppose 0 = -5*h - 22 + 472. What is the greatest common divisor of h and 30?
30
Let u = 0 - -3. Let s(o) be the third derivative of -o**5/60 + 5*o**4/24 + o**3/2 + 14*o**2. Let l be s(5). Calculate the highest common factor of u and l.
3
Let h(t) = -t. Let v be h(-2). Suppose 0*p - p = -v. Calculate the greatest common divisor of p and 22.
2
Let u be 5/(2*(-3)/(-24)). Suppose 5*y - 80 - u = 0. Calculate the highest common factor of 4 and y.
4
Let f(a) = -2*a**2 - 83*a - 67. Let c be f(-40). What is the greatest common factor of 901 and c?
53
Let r = 65 - 57. Calculate the greatest common divisor of r and 472.
8
Let b(y) = 15*y**3 + 2*y - 1. Let c be b(1). Let n be (54/5)/(5/(50/(-3))). Let s = 100 + n. Calculate the greatest common divisor of c and s.
16
Suppose 3*h - 156 = -3*t, -3*h - 20 = 5*t - 178. Calculate the highest common divisor of 3 and h.
3
Suppose -3*m = 12*m - 480. Calculate the highest common factor of 6 and m.
2
Let q(r) = 2*r**2 + 15*r + 26. Let t be q(-8). What is the highest common factor of t and 51?
17
Let d = 1042 + -1038. Let k(j) = j**2 - 5*j + 2. Let t = -4 - -10. Let m be k(t). Calculate the greatest common divisor of d and m.
4
Suppose 0 = -2*m + 3